{"id":736,"date":"2024-06-03T16:19:13","date_gmt":"2024-06-03T14:19:13","guid":{"rendered":"https:\/\/ready4pos.fr\/?page_id=736"},"modified":"2024-07-23T14:12:41","modified_gmt":"2024-07-23T12:12:41","slug":"reservation-de-tables-en-ligne","status":"publish","type":"page","link":"https:\/\/ready4pos.fr\/index.php\/reservation-de-tables-en-ligne\/","title":{"rendered":"R\u00e9servation de tables en ligne"},"content":{"rendered":"\t\t<div data-elementor-type=\"wp-post\" data-elementor-id=\"736\" class=\"elementor elementor-736\">\n\t\t\t\t\t\t<section class=\"elementor-section elementor-top-section elementor-element elementor-element-3473b11 elementor-reverse-mobile elementor-section-boxed elementor-section-height-default elementor-section-height-default\" data-id=\"3473b11\" data-element_type=\"section\">\n\t\t\t\t\t\t<div class=\"elementor-container elementor-column-gap-default\">\n\t\t\t\t\t<div class=\"aux-parallax-section elementor-column elementor-col-50 elementor-top-column elementor-element elementor-element-34a5527\" data-id=\"34a5527\" data-element_type=\"column\">\n\t\t\t<div class=\"elementor-widget-wrap elementor-element-populated\">\n\t\t\t\t\t\t<div class=\"elementor-element elementor-element-3129cc8 aux-appear-watch-animation aux-mask-from-left elementor-widget elementor-widget-aux_modern_heading\" data-id=\"3129cc8\" data-element_type=\"widget\" data-widget_type=\"aux_modern_heading.default\">\n\t\t\t\t<div class=\"elementor-widget-container\">\n\t\t\t<section class=\"aux-widget-modern-heading\">\n            <div class=\"aux-widget-inner\"><h2 class=\"aux-modern-heading-primary\"><\/h2><h3 class=\"aux-modern-heading-secondary\"><span class=\"aux-head-before\">La r\u00e9servation de tables en ligne<\/span><\/h3><\/div>\n        <\/section>\t\t<\/div>\n\t\t\t\t<\/div>\n\t\t\t\t<div class=\"elementor-element elementor-element-17af5a5 aux-appear-watch-animation aux-mask-from-left elementor-widget elementor-widget-aux_modern_heading\" data-id=\"17af5a5\" data-element_type=\"widget\" data-widget_type=\"aux_modern_heading.default\">\n\t\t\t\t<div class=\"elementor-widget-container\">\n\t\t\t<section class=\"aux-widget-modern-heading\">\n            <div class=\"aux-widget-inner\"><h6 class=\"aux-modern-heading-primary\"><\/h6><h3 class=\"aux-modern-heading-secondary\"><span class=\"aux-head-highlight\">TOUT SAVOIR<\/span><\/h3><\/div>\n        <\/section>\t\t<\/div>\n\t\t\t\t<\/div>\n\t\t\t\t<div class=\"elementor-element elementor-element-2fdbec4 aux-appear-watch-animation aux-fade-in-right elementor-widget elementor-widget-text-editor\" data-id=\"2fdbec4\" data-element_type=\"widget\" data-widget_type=\"text-editor.default\">\n\t\t\t\t<div class=\"elementor-widget-container\">\n\t\t\t\t\t\t\t<div class=\"aux-bus2-title-divider\">\u00a0<\/div>\t\t\t\t\t\t<\/div>\n\t\t\t\t<\/div>\n\t\t\t\t<div class=\"elementor-element elementor-element-d768161 aux-appear-watch-animation aux-fade-in-up elementor-widget elementor-widget-text-editor\" data-id=\"d768161\" data-element_type=\"widget\" data-widget_type=\"text-editor.default\">\n\t\t\t\t<div class=\"elementor-widget-container\">\n\t\t\t\t\t\t\t<p><span style=\"color: #1f345a; font-family: open-sans, sans-serif;\">Les partenaires ci-dessous vous proposent des int\u00e9grations avec vos r\u00e9servations de tables en ligne qui permettront \u00e0 votre activit\u00e9 de cro\u00eetre et d&rsquo;augmenter son efficacit\u00e9. Vous profitez directement de la puissance des solutions sp\u00e9cialis\u00e9es de nos partenaires au sein de vos syst\u00e8mes !<\/span><\/p>\t\t\t\t\t\t<\/div>\n\t\t\t\t<\/div>\n\t\t\t\t<section class=\"elementor-section elementor-inner-section elementor-element elementor-element-917e1f1 elementor-section-content-middle elementor-section-boxed elementor-section-height-default elementor-section-height-default\" data-id=\"917e1f1\" data-element_type=\"section\">\n\t\t\t\t\t\t<div class=\"elementor-container elementor-column-gap-default\">\n\t\t\t\t\t<div class=\"aux-parallax-section elementor-column elementor-col-50 elementor-inner-column elementor-element elementor-element-ca64a03\" data-id=\"ca64a03\" data-element_type=\"column\">\n\t\t\t<div class=\"elementor-widget-wrap elementor-element-populated\">\n\t\t\t\t\t\t<div class=\"elementor-element elementor-element-8b24c94 aux-appear-watch-animation aux-fade-in-up elementor-widget elementor-widget-text-editor\" data-id=\"8b24c94\" data-element_type=\"widget\" data-widget_type=\"text-editor.default\">\n\t\t\t\t<div class=\"elementor-widget-container\">\n\t\t\t\t\t\t\t<p><strong><span style=\"color: #1f345a; font-family: open-sans, sans-serif;\">Vous souhaitez r\u00e9aliser une int\u00e9gration avec Restomax ?<\/span><\/strong><\/p>\t\t\t\t\t\t<\/div>\n\t\t\t\t<\/div>\n\t\t\t\t\t<\/div>\n\t\t<\/div>\n\t\t\t\t<div class=\"aux-parallax-section elementor-column elementor-col-50 elementor-inner-column elementor-element elementor-element-32529f3\" data-id=\"32529f3\" data-element_type=\"column\">\n\t\t\t<div class=\"elementor-widget-wrap elementor-element-populated\">\n\t\t\t\t\t\t<div class=\"elementor-element elementor-element-412c2e6 aux-appear-watch-animation aux-fade-in-up elementor-widget__width-initial elementor-widget elementor-widget-aux_button\" data-id=\"412c2e6\" data-element_type=\"widget\" data-widget_type=\"aux_button.default\">\n\t\t\t\t<div class=\"elementor-widget-container\">\n\t\t\t<a  href=\"https:\/\/ready4pos.fr\/index.php\/contact-page\/\" target=\"_self\"   class=\"aux-button aux-medium aux-carmine-pink aux-curve aux-none aux-uppercase\" ><span class=\"aux-overlay\"><\/span><span class=\"aux-text\">Contactez-nous !<\/span><\/a>\t\t<\/div>\n\t\t\t\t<\/div>\n\t\t\t\t\t<\/div>\n\t\t<\/div>\n\t\t\t\t\t<\/div>\n\t\t<\/section>\n\t\t\t\t\t<\/div>\n\t\t<\/div>\n\t\t\t\t<div class=\"aux-parallax-section elementor-column elementor-col-50 elementor-top-column elementor-element elementor-element-bb68e64\" data-id=\"bb68e64\" data-element_type=\"column\">\n\t\t\t<div class=\"elementor-widget-wrap elementor-element-populated\">\n\t\t\t\t\t\t<div class=\"elementor-element elementor-element-26b1372 aux-appear-watch-animation aux-mask-from-left elementor-widget elementor-widget-aux_image\" data-id=\"26b1372\" data-element_type=\"widget\" data-widget_type=\"aux_image.default\">\n\t\t\t\t<div class=\"elementor-widget-container\">\n\t\t\t<section class=\"widget-container aux-widget-image aux-alignnone aux-parent-au50da6a0f\">\n    <div class=\"aux-media-hint-frame \">\n        <div class=\"aux-media-image \" >\n        \n            \n\n            \n            <img fetchpriority=\"high\" decoding=\"async\" width=\"1114\" height=\"650\" src=\"https:\/\/ready4pos.fr\/wp-content\/uploads\/2024\/04\/LOGO_READY-4-POS.png\" class=\"aux-attachment aux-featured-image aux-attachment-id-109\" alt=\"Logo ready4pos avec slogan &quot;digitalisez vos points de vente&quot;\" data-ratio=\"1.71\" data-original-w=\"1114\" \/>            \n                <\/div>\n    <\/div>\n\n<\/section><!-- widget-container -->\t\t<\/div>\n\t\t\t\t<\/div>\n\t\t\t\t\t<\/div>\n\t\t<\/div>\n\t\t\t\t\t<\/div>\n\t\t<\/section>\n\t\t\t\t<section class=\"elementor-section elementor-top-section elementor-element elementor-element-dc85356 elementor-section-boxed elementor-section-height-default elementor-section-height-default\" data-id=\"dc85356\" data-element_type=\"section\">\n\t\t\t\t\t\t<div class=\"elementor-container elementor-column-gap-default\">\n\t\t\t\t\t<div class=\"aux-parallax-section elementor-column elementor-col-100 elementor-top-column elementor-element elementor-element-1910e08\" data-id=\"1910e08\" data-element_type=\"column\">\n\t\t\t<div class=\"elementor-widget-wrap elementor-element-populated\">\n\t\t\t\t\t\t<div class=\"elementor-element elementor-element-88c10d6 elementor-widget elementor-widget-aux_recent_portfolios_grid\" data-id=\"88c10d6\" data-element_type=\"widget\" data-settings=\"{&quot;columns&quot;:&quot;2&quot;,&quot;columns_tablet&quot;:&quot;inherit&quot;,&quot;columns_mobile&quot;:&quot;1&quot;}\" data-widget_type=\"aux_recent_portfolios_grid.default\">\n\t\t\t\t<div class=\"elementor-widget-container\">\n\t\t\t<section class=\"widget-container aux-widget-recent-portfolios aux-parent-au15a4982b\"><div id=\"69d52abd6bcfe\" data-element-id=\"au15a4982b\" class=\"aux-portfolio-columns aux-ajax-view aux-isotope-animated aux-isotope-layout aux-layout-grid aux-no-gutter aux-row aux-match-height aux-de-col2 aux-tb-col2 aux-mb-col1\" data-lazyload=\"true\" data-space=\"50\" data-pagination=\"false\" data-deeplink=\"true\" data-slug=\"\" data-perpage=\"\" data-layout=\"fitRows\" data-reveal-transition-duration=\"600\" data-reveal-between-delay=\"60\" data-hide-transition-duration=\"600\" data-hide-between-delay=\"30\" data-num=\"30\" data-order=\"ASC\" data-orderby=\"title\" data-taxonomy=\"\" data-n=\"8a534183ed\"><div class=\"aux-items-loading aux-loading-hide\"><div class=\"aux-loading-loop\"><svg class=\"aux-circle\" width=\"100%\" height=\"100%\" viewBox=\"0 0 42 42\"><circle class=\"aux-stroke-bg\" r=\"20\" cx=\"21\" cy=\"21\" fill=\"none\"><\/circle><circle class=\"aux-progress\" r=\"20\" cx=\"21\" cy=\"21\" fill=\"none\" transform=\"rotate(-90 21 21)\"><\/circle><\/svg><\/div><\/div><div class=\"aux-iso-item aux-loading aux-col\">                        <article class=\"post-424 portfolio type-portfolio status-publish has-post-thumbnail hentry portfolio-cat-reservation-de-table-en-ligne portfolio-tag-uncategorized portfolio-filter-uncategorized\" >\n                            <div class=\"\">\n                                <div class=\"entry-media \">\n                                    <div class=\"aux-media-frame aux-media-image\"><a href=\"https:\/\/ready4pos.fr\/index.php\/portfolio\/barestho\/\"><img width=\"373\" height=\"279\" class=\"aux-attachment aux-featured-image attachment-373x279 aux-attachment-id-425 \" alt=\"logo barestho\" data-ratio=\"1.33\" data-original-w=\"373\" sizes=\"auto\" data-srcset=\"https:\/\/ready4pos.fr\/wp-content\/uploads\/2024\/05\/barestho-150x113.png 150w,https:\/\/ready4pos.fr\/wp-content\/uploads\/2024\/05\/barestho-300x225.png 300w,https:\/\/ready4pos.fr\/wp-content\/uploads\/2024\/05\/barestho-900x675.png 373w,https:\/\/ready4pos.fr\/wp-content\/uploads\/2024\/05\/barestho-363x272.png 363w\" data-src=\"https:\/\/ready4pos.fr\/wp-content\/uploads\/2024\/05\/barestho-900x675.png\" \/><\/a><\/div>                                <\/div>\n\n                                                            <\/div>\n\n                            \n                        <\/article>\n<\/div><\/div><script type=\"text\/javascript\">var au15a4982bAjaxConfig = {\"title\":\"\",\"cat\":[\"18\"],\"num\":30,\"only_posts__in\":\"\",\"include\":\"\",\"exclude\":\"\",\"posts_per_page\":-1,\"offset\":\"\",\"order_by\":\"title\",\"order\":\"ASC\",\"exclude_without_media\":\"yes\",\"display_like\":\"\",\"deeplink\":\"no\",\"use_ajax\":\"yes\",\"deeplink_slug\":null,\"show_filters\":\"\",\"filter_by\":null,\"filter_style\":null,\"filter_align\":null,\"reveal_transition_duration\":\"600\",\"reveal_between_delay\":\"60\",\"hide_transition_duration\":\"600\",\"hide_between_delay\":\"30\",\"item_style\":\"classic\",\"tile_style_pattern\":\"default\",\"tiles_item_style\":\"overlay\",\"entry_background_color\":\"\",\"entry_border_color\":\"\",\"paginate\":\"\",\"perpage\":null,\"crop\":true,\"display_title\":\"\",\"show_info\":\"\",\"display_read_more\":false,\"image_aspect_ratio\":\"0.75\",\"space\":50,\"desktop_cnum\":\"2\",\"tablet_cnum\":\"inherit\",\"phone_cnum\":\"1\",\"layout\":\"grid\",\"tag\":\"\",\"filter\":\"\",\"extra_classes\":\"\",\"extra_column_classes\":\"\",\"custom_el_id\":\"\",\"template_part_file\":\"recent-portfolio\",\"extra_template_path\":\"\\\/home\\\/readypw\\\/www\\\/wp-content\\\/plugins\\\/auxin-portfolio\\\/public\\\/templates\\\/elements\",\"universal_id\":\"au15a4982b\",\"query_args\":[],\"term\":\"\",\"reset_query\":true,\"use_wp_query\":false,\"wp_query_args\":[],\"custom_wp_query\":\"\",\"loadmore_type\":\"\",\"loadmore_label\":\"arrow\",\"loadmore_per_page\":30,\"term_field\":\"slug\",\"base\":\"aux_recent_portfolios_grid\",\"base_class\":\"aux-widget-recent-portfolios\",\"paged\":\"\",\"override_global_query\":false,\"content\":null,\"skip_wrappers\":false,\"content_width\":2000,\"inview_transition\":\"none\",\"inview_duration\":\"\",\"inview_delay\":\"\",\"inview_repeat\":\"no\",\"inview_offset\":\"\",\"called_from\":\"elementor\"};<\/script><\/section><!-- widget-container -->\t\t<\/div>\n\t\t\t\t<\/div>\n\t\t\t\t\t<\/div>\n\t\t<\/div>\n\t\t\t\t\t<\/div>\n\t\t<\/section>\n\t\t\t\t<\/div>\n\t\t","protected":false},"excerpt":{"rendered":"<p>La r\u00e9servation de tables en ligne TOUT SAVOIR \u00a0 Les partenaires ci-dessous vous proposent des int\u00e9grations avec vos r\u00e9servations de tables en ligne qui permettront \u00e0 votre activit\u00e9 de cro\u00eetre et d&rsquo;augmenter son efficacit\u00e9. Vous profitez directement de la puissance des solutions sp\u00e9cialis\u00e9es de nos partenaires au sein de vos syst\u00e8mes ! Vous souhaitez r\u00e9aliser [&hellip;]<\/p>\n","protected":false},"author":1,"featured_media":0,"parent":0,"menu_order":0,"comment_status":"closed","ping_status":"closed","template":"","meta":{"footnotes":""},"class_list":["post-736","page","type-page","status-publish","hentry"],"yoast_head":"<!-- This site is optimized with the Yoast SEO plugin v24.0 - https:\/\/yoast.com\/wordpress\/plugins\/seo\/ -->\n<title>R\u00e9servation de tables en ligne - Ready4POS<\/title>\n<meta name=\"description\" content=\"Pr\u00e9sentation des partenaires proposant des int\u00e9grations avec la r\u00e9servation de tables en ligne vous faisant gagner en efficacit\u00e9.\" \/>\n<meta name=\"robots\" content=\"index, follow, max-snippet:-1, max-image-preview:large, max-video-preview:-1\" \/>\n<link rel=\"canonical\" href=\"https:\/\/ready4pos.fr\/index.php\/reservation-de-tables-en-ligne\/\" \/>\n<meta property=\"og:locale\" content=\"fr_FR\" \/>\n<meta property=\"og:type\" content=\"article\" \/>\n<meta property=\"og:title\" content=\"R\u00e9servation de tables en ligne - Ready4POS\" \/>\n<meta property=\"og:description\" content=\"Pr\u00e9sentation des partenaires proposant des int\u00e9grations avec la r\u00e9servation de tables en ligne vous faisant gagner en efficacit\u00e9.\" \/>\n<meta property=\"og:url\" content=\"https:\/\/ready4pos.fr\/index.php\/reservation-de-tables-en-ligne\/\" \/>\n<meta property=\"og:site_name\" content=\"Ready4POS\" \/>\n<meta property=\"article:modified_time\" content=\"2024-07-23T12:12:41+00:00\" \/>\n<meta property=\"og:image\" content=\"https:\/\/ready4pos.fr\/wp-content\/uploads\/2024\/04\/LOGO_READY-4-POS.png\" \/>\n<meta name=\"twitter:card\" content=\"summary_large_image\" \/>\n<meta name=\"twitter:label1\" content=\"Dur\u00e9e de lecture estim\u00e9e\" \/>\n\t<meta name=\"twitter:data1\" content=\"1 minute\" \/>\n<script type=\"application\/ld+json\" class=\"yoast-schema-graph\">{\"@context\":\"https:\/\/schema.org\",\"@graph\":[{\"@type\":\"WebPage\",\"@id\":\"https:\/\/ready4pos.fr\/index.php\/reservation-de-tables-en-ligne\/\",\"url\":\"https:\/\/ready4pos.fr\/index.php\/reservation-de-tables-en-ligne\/\",\"name\":\"R\u00e9servation de tables en ligne - Ready4POS\",\"isPartOf\":{\"@id\":\"https:\/\/ready4pos.fr\/#website\"},\"primaryImageOfPage\":{\"@id\":\"https:\/\/ready4pos.fr\/index.php\/reservation-de-tables-en-ligne\/#primaryimage\"},\"image\":{\"@id\":\"https:\/\/ready4pos.fr\/index.php\/reservation-de-tables-en-ligne\/#primaryimage\"},\"thumbnailUrl\":\"https:\/\/ready4pos.fr\/wp-content\/uploads\/2024\/04\/LOGO_READY-4-POS.png\",\"datePublished\":\"2024-06-03T14:19:13+00:00\",\"dateModified\":\"2024-07-23T12:12:41+00:00\",\"description\":\"Pr\u00e9sentation des partenaires proposant des int\u00e9grations avec la r\u00e9servation de tables en ligne vous faisant gagner en efficacit\u00e9.\",\"breadcrumb\":{\"@id\":\"https:\/\/ready4pos.fr\/index.php\/reservation-de-tables-en-ligne\/#breadcrumb\"},\"inLanguage\":\"fr-FR\",\"potentialAction\":[{\"@type\":\"ReadAction\",\"target\":[\"https:\/\/ready4pos.fr\/index.php\/reservation-de-tables-en-ligne\/\"]}]},{\"@type\":\"ImageObject\",\"inLanguage\":\"fr-FR\",\"@id\":\"https:\/\/ready4pos.fr\/index.php\/reservation-de-tables-en-ligne\/#primaryimage\",\"url\":\"https:\/\/ready4pos.fr\/wp-content\/uploads\/2024\/04\/LOGO_READY-4-POS.png\",\"contentUrl\":\"https:\/\/ready4pos.fr\/wp-content\/uploads\/2024\/04\/LOGO_READY-4-POS.png\",\"width\":1114,\"height\":650,\"caption\":\"Logo ready4pos avec slogan \\\"digitalisez vos points de vente\\\"\"},{\"@type\":\"BreadcrumbList\",\"@id\":\"https:\/\/ready4pos.fr\/index.php\/reservation-de-tables-en-ligne\/#breadcrumb\",\"itemListElement\":[{\"@type\":\"ListItem\",\"position\":1,\"name\":\"Accueil\",\"item\":\"https:\/\/ready4pos.fr\/\"},{\"@type\":\"ListItem\",\"position\":2,\"name\":\"R\u00e9servation de tables en ligne\"}]},{\"@type\":\"WebSite\",\"@id\":\"https:\/\/ready4pos.fr\/#website\",\"url\":\"https:\/\/ready4pos.fr\/\",\"name\":\"Ready4POS\",\"description\":\"Digitalisez vos points de vente\",\"publisher\":{\"@id\":\"https:\/\/ready4pos.fr\/#organization\"},\"potentialAction\":[{\"@type\":\"SearchAction\",\"target\":{\"@type\":\"EntryPoint\",\"urlTemplate\":\"https:\/\/ready4pos.fr\/?s={search_term_string}\"},\"query-input\":{\"@type\":\"PropertyValueSpecification\",\"valueRequired\":true,\"valueName\":\"search_term_string\"}}],\"inLanguage\":\"fr-FR\"},{\"@type\":\"Organization\",\"@id\":\"https:\/\/ready4pos.fr\/#organization\",\"name\":\"Ready4POS\",\"url\":\"https:\/\/ready4pos.fr\/\",\"logo\":{\"@type\":\"ImageObject\",\"inLanguage\":\"fr-FR\",\"@id\":\"https:\/\/ready4pos.fr\/#\/schema\/logo\/image\/\",\"url\":\"https:\/\/ready4pos.fr\/wp-content\/uploads\/2024\/04\/cropped-LOGO_READY-4-POS-1.png\",\"contentUrl\":\"https:\/\/ready4pos.fr\/wp-content\/uploads\/2024\/04\/cropped-LOGO_READY-4-POS-1.png\",\"width\":150,\"height\":80,\"caption\":\"Ready4POS\"},\"image\":{\"@id\":\"https:\/\/ready4pos.fr\/#\/schema\/logo\/image\/\"}}]}<\/script>\n<!-- \/ Yoast SEO plugin. -->","yoast_head_json":{"title":"R\u00e9servation de tables en ligne - Ready4POS","description":"Pr\u00e9sentation des partenaires proposant des int\u00e9grations avec la r\u00e9servation de tables en ligne vous faisant gagner en efficacit\u00e9.","robots":{"index":"index","follow":"follow","max-snippet":"max-snippet:-1","max-image-preview":"max-image-preview:large","max-video-preview":"max-video-preview:-1"},"canonical":"https:\/\/ready4pos.fr\/index.php\/reservation-de-tables-en-ligne\/","og_locale":"fr_FR","og_type":"article","og_title":"R\u00e9servation de tables en ligne - Ready4POS","og_description":"Pr\u00e9sentation des partenaires proposant des int\u00e9grations avec la r\u00e9servation de tables en ligne vous faisant gagner en efficacit\u00e9.","og_url":"https:\/\/ready4pos.fr\/index.php\/reservation-de-tables-en-ligne\/","og_site_name":"Ready4POS","article_modified_time":"2024-07-23T12:12:41+00:00","og_image":[{"url":"https:\/\/ready4pos.fr\/wp-content\/uploads\/2024\/04\/LOGO_READY-4-POS.png","type":"","width":"","height":""}],"twitter_card":"summary_large_image","twitter_misc":{"Dur\u00e9e de lecture estim\u00e9e":"1 minute"},"schema":{"@context":"https:\/\/schema.org","@graph":[{"@type":"WebPage","@id":"https:\/\/ready4pos.fr\/index.php\/reservation-de-tables-en-ligne\/","url":"https:\/\/ready4pos.fr\/index.php\/reservation-de-tables-en-ligne\/","name":"R\u00e9servation de tables en ligne - Ready4POS","isPartOf":{"@id":"https:\/\/ready4pos.fr\/#website"},"primaryImageOfPage":{"@id":"https:\/\/ready4pos.fr\/index.php\/reservation-de-tables-en-ligne\/#primaryimage"},"image":{"@id":"https:\/\/ready4pos.fr\/index.php\/reservation-de-tables-en-ligne\/#primaryimage"},"thumbnailUrl":"https:\/\/ready4pos.fr\/wp-content\/uploads\/2024\/04\/LOGO_READY-4-POS.png","datePublished":"2024-06-03T14:19:13+00:00","dateModified":"2024-07-23T12:12:41+00:00","description":"Pr\u00e9sentation des partenaires proposant des int\u00e9grations avec la r\u00e9servation de tables en ligne vous faisant gagner en efficacit\u00e9.","breadcrumb":{"@id":"https:\/\/ready4pos.fr\/index.php\/reservation-de-tables-en-ligne\/#breadcrumb"},"inLanguage":"fr-FR","potentialAction":[{"@type":"ReadAction","target":["https:\/\/ready4pos.fr\/index.php\/reservation-de-tables-en-ligne\/"]}]},{"@type":"ImageObject","inLanguage":"fr-FR","@id":"https:\/\/ready4pos.fr\/index.php\/reservation-de-tables-en-ligne\/#primaryimage","url":"https:\/\/ready4pos.fr\/wp-content\/uploads\/2024\/04\/LOGO_READY-4-POS.png","contentUrl":"https:\/\/ready4pos.fr\/wp-content\/uploads\/2024\/04\/LOGO_READY-4-POS.png","width":1114,"height":650,"caption":"Logo ready4pos avec slogan \"digitalisez vos points de vente\""},{"@type":"BreadcrumbList","@id":"https:\/\/ready4pos.fr\/index.php\/reservation-de-tables-en-ligne\/#breadcrumb","itemListElement":[{"@type":"ListItem","position":1,"name":"Accueil","item":"https:\/\/ready4pos.fr\/"},{"@type":"ListItem","position":2,"name":"R\u00e9servation de tables en ligne"}]},{"@type":"WebSite","@id":"https:\/\/ready4pos.fr\/#website","url":"https:\/\/ready4pos.fr\/","name":"Ready4POS","description":"Digitalisez vos points de vente","publisher":{"@id":"https:\/\/ready4pos.fr\/#organization"},"potentialAction":[{"@type":"SearchAction","target":{"@type":"EntryPoint","urlTemplate":"https:\/\/ready4pos.fr\/?s={search_term_string}"},"query-input":{"@type":"PropertyValueSpecification","valueRequired":true,"valueName":"search_term_string"}}],"inLanguage":"fr-FR"},{"@type":"Organization","@id":"https:\/\/ready4pos.fr\/#organization","name":"Ready4POS","url":"https:\/\/ready4pos.fr\/","logo":{"@type":"ImageObject","inLanguage":"fr-FR","@id":"https:\/\/ready4pos.fr\/#\/schema\/logo\/image\/","url":"https:\/\/ready4pos.fr\/wp-content\/uploads\/2024\/04\/cropped-LOGO_READY-4-POS-1.png","contentUrl":"https:\/\/ready4pos.fr\/wp-content\/uploads\/2024\/04\/cropped-LOGO_READY-4-POS-1.png","width":150,"height":80,"caption":"Ready4POS"},"image":{"@id":"https:\/\/ready4pos.fr\/#\/schema\/logo\/image\/"}}]}},"_links":{"self":[{"href":"https:\/\/ready4pos.fr\/index.php\/wp-json\/wp\/v2\/pages\/736","targetHints":{"allow":["GET"]}}],"collection":[{"href":"https:\/\/ready4pos.fr\/index.php\/wp-json\/wp\/v2\/pages"}],"about":[{"href":"https:\/\/ready4pos.fr\/index.php\/wp-json\/wp\/v2\/types\/page"}],"author":[{"embeddable":true,"href":"https:\/\/ready4pos.fr\/index.php\/wp-json\/wp\/v2\/users\/1"}],"replies":[{"embeddable":true,"href":"https:\/\/ready4pos.fr\/index.php\/wp-json\/wp\/v2\/comments?post=736"}],"version-history":[{"count":10,"href":"https:\/\/ready4pos.fr\/index.php\/wp-json\/wp\/v2\/pages\/736\/revisions"}],"predecessor-version":[{"id":1057,"href":"https:\/\/ready4pos.fr\/index.php\/wp-json\/wp\/v2\/pages\/736\/revisions\/1057"}],"wp:attachment":[{"href":"https:\/\/ready4pos.fr\/index.php\/wp-json\/wp\/v2\/media?parent=736"}],"curies":[{"name":"wp","href":"https:\/\/api.w.org\/{rel}","templated":true}]}}